{"id":66265,"date":"2026-04-28T14:31:44","date_gmt":"2026-04-28T12:31:44","guid":{"rendered":"https:\/\/www.aachen.digital\/?post_type=tribe_events&#038;p=66265"},"modified":"2026-04-28T15:21:42","modified_gmt":"2026-04-28T13:21:42","slug":"11-urban-slam","status":"publish","type":"tribe_events","link":"https:\/\/www.aachen.digital\/en\/event\/11-urban-slam\/","title":{"rendered":"UrbanSlam"},"content":{"rendered":"<p>Foto: Ingo Lammert<\/p>\n<p><strong>Urban Slam<\/strong><\/p>\n<p><strong>\u201eWohnraum f\u00fcr alle! \u2013 Junge Wohnkonzepte der Zukunft\u201c<\/strong><\/p>\n<p>Steigende Mieten, steigende Baukosten, steigende Obdachlosenzahlen in Deutschland. Die L\u00f6sung der Frage, wie wir Wohnraum f\u00fcr alle Bev\u00f6lkerungsgruppen schaffen, ist eine zentrale gesellschaftliche Aufgabe. Eine Aufgabe, zu der Architekt:innen, Innenarchitekt:innen, Landschaftsarchitekt:innen und Stadtplaner:innen entscheidend beitragen k\u00f6nnen.<\/p>\n<p>Wie k\u00f6nnen Planende unsere St\u00e4dte und Gemeinden so weiterentwickeln, dass sie erschwinglichen Wohnraum f\u00fcr alle Bev\u00f6lkerungsgruppen anbieten k\u00f6nnen? Welche Potenziale entdecken junge Planerinnen und Planer im Geb\u00e4udebestand? Und welche Konzepte verbinden verschiedene Nutzungsformen und Infrastrukturen zu einem zukunftsf\u00e4higen Gesamtsystem?<\/p>\n<p>Frische Antworten auf diese Fragen bietet der 11. UrbanSlam, zu dem die Architektenkammer Nordrhein-Westfalen am 16. Juni 2026 in Kooperation mit der Initiative \u201eBaukultur NRW\u201c in die digitalCHURCH nach Aachen einl\u00e4dt.<\/p>\n<p>Mit dem UrbanSlam hat die Architektenkammer NRW ein popul\u00e4res Format entwickelt, in dem ebenso inspirierend wie kurzweilig neue Ideen junger Planerinnen und Planer vorgestellt werden. Die Formate der kurzen Slams reichten bereits vom Gedicht \u00fcber Pamphlete bis hin zu Fachimpulsen und provokativen Forderungskatalogen. Zum Abschluss des Abends stimmt das Publikum per Applaus \u00fcber den \u00fcberzeugendsten Auftritt auf faire, sportliche Weise ab.<\/p>\n<p>Seien Sie dabei, und lassen Sie sich \u00fcberraschen!<\/p>\n<p><a class=\"button\" href=\"https:\/\/www.aknw.de\/aktuelles\/veranstaltungen\/details\/veranstaltung\/11-urbanslam-wohnraum-fuer-alle-junge-wohnkonzepte-der-zukunft\/registrierung\" target=\"_blank\" rel=\"noopener nofollow\">ZUR ANMELDUNG<\/a><\/p>\n","protected":false},"excerpt":{"rendered":"<p>Foto: Ingo Lammert Urban Slam \u201eWohnraum f\u00fcr alle! \u2013 Junge Wohnkonzepte der Zukunft\u201c Steigende Mieten, steigende Baukosten, steigende Obdachlosenzahlen in Deutschland. Die L\u00f6sung der Frage, wie wir Wohnraum f\u00fcr alle [&hellip;]<\/p>\n","protected":false},"author":6,"featured_media":66269,"template":"","meta":{"_acf_changed":false,"_tribe_events_status":"","_tribe_events_status_reason":"","_tribe_events_is_hybrid":"","_tribe_events_is_virtual":"","_tribe_events_virtual_video_source":"","_tribe_events_virtual_embed_video":"","_tribe_events_virtual_linked_button_text":"","_tribe_events_virtual_linked_button":"","_tribe_events_virtual_show_embed_at":"","_tribe_events_virtual_show_embed_to":[],"_tribe_events_virtual_show_on_event":"","_tribe_events_virtual_show_on_views":"","_tribe_events_virtual_url":"","footnotes":""},"tags":[],"tribe_events_cat":[187,63,87],"class_list":["post-66265","tribe_events","type-tribe_events","status-publish","has-post-thumbnail","hentry","tribe_events_cat-mittelstand","tribe_events_cat-startups","tribe_events_cat-aachen-area","cat_mittelstand","cat_startups","cat_aachen-area"],"acf":[],"_links":{"self":[{"href":"https:\/\/www.aachen.digital\/en\/wp-json\/wp\/v2\/tribe_events\/66265","targetHints":{"allow":["GET"]}}],"collection":[{"href":"https:\/\/www.aachen.digital\/en\/wp-json\/wp\/v2\/tribe_events"}],"about":[{"href":"https:\/\/www.aachen.digital\/en\/wp-json\/wp\/v2\/types\/tribe_events"}],"author":[{"embeddable":true,"href":"https:\/\/www.aachen.digital\/en\/wp-json\/wp\/v2\/users\/6"}],"version-history":[{"count":3,"href":"https:\/\/www.aachen.digital\/en\/wp-json\/wp\/v2\/tribe_events\/66265\/revisions"}],"predecessor-version":[{"id":66274,"href":"https:\/\/www.aachen.digital\/en\/wp-json\/wp\/v2\/tribe_events\/66265\/revisions\/66274"}],"wp:featuredmedia":[{"embeddable":true,"href":"https:\/\/www.aachen.digital\/en\/wp-json\/wp\/v2\/media\/66269"}],"wp:attachment":[{"href":"https:\/\/www.aachen.digital\/en\/wp-json\/wp\/v2\/media?parent=66265"}],"wp:term":[{"taxonomy":"post_tag","embeddable":true,"href":"https:\/\/www.aachen.digital\/en\/wp-json\/wp\/v2\/tags?post=66265"},{"taxonomy":"tribe_events_cat","embeddable":true,"href":"https:\/\/www.aachen.digital\/en\/wp-json\/wp\/v2\/tribe_events_cat?post=66265"}],"curies":[{"name":"wp","href":"https:\/\/api.w.org\/{rel}","templated":true}]}}

<p>Foto: Ingo Lammert</p>
<p><strong>Urban Slam</strong></p>
<p><strong>„Wohnraum für alle! – Junge Wohnkonzepte der Zukunft“</strong></p>
<p>Steigende Mieten, steigende Baukosten, steigende Obdachlosenzahlen in Deutschland. Die Lösung der Frage, wie wir Wohnraum für alle Bevölkerungsgruppen schaffen, ist eine zentrale gesellschaftliche Aufgabe. Eine Aufgabe, zu der Architekt:innen, Innenarchitekt:innen, Landschaftsarchitekt:innen und Stadtplaner:innen entscheidend beitragen können.</p>
<p>Wie können Planende unsere Städte und Gemeinden so weiterentwickeln, dass sie erschwinglichen Wohnraum für alle Bevölkerungsgruppen anbieten können? Welche Potenziale entdecken junge Planerinnen und Planer im Gebäudebestand? Und welche Konzepte verbinden verschiedene Nutzungsformen und Infrastrukturen zu einem zukunftsfähigen Gesamtsystem?</p>
<p>Frische Antworten auf diese Fragen bietet der 11. UrbanSlam, zu dem die Architektenkammer Nordrhein-Westfalen am 16. Juni 2026 in Kooperation mit der Initiative „Baukultur NRW“ in die digitalCHURCH nach Aachen einlädt.</p>
<p>Mit dem UrbanSlam hat die Architektenkammer NRW ein populäres Format entwickelt, in dem ebenso inspirierend wie kurzweilig neue Ideen junger Planerinnen und Planer vorgestellt werden. Die Formate der kurzen Slams reichten bereits vom Gedicht über Pamphlete bis hin zu Fachimpulsen und provokativen Forderungskatalogen. Zum Abschluss des Abends stimmt das Publikum per Applaus über den überzeugendsten Auftritt auf faire, sportliche Weise ab.</p>
<p>Seien Sie dabei, und lassen Sie sich überraschen!</p>
<p><a class="button" href="https://www.aknw.de/aktuelles/veranstaltungen/details/veranstaltung/11-urbanslam-wohnraum-fuer-alle-junge-wohnkonzepte-der-zukunft/registrierung" target="_blank" rel="noopener nofollow">ZUR ANMELDUNG</a></p>

<p>Foto: Ingo Lammert Urban Slam „Wohnraum für alle! – Junge Wohnkonzepte der Zukunft“ Steigende Mieten, steigende Baukosten, steigende Obdachlosenzahlen in Deutschland. Die Lösung der Frage, wie wir Wohnraum für alle [&hellip;]</p>
